 + 32 = 4*y. Let i be 1*(1 + (1 - y)). Let b(c) = -c**3 - 6*c**2 - 7*c - 6. What is the units digit of b(i)?
6
Let h be (-100)/(-55) + (-6)/(-33). Let g be 8*(h + 3/(-2)). Suppose -g*s = -8, 2*s - 4*s = -o + 29. What is the tens digit of o?
3
Let z = 3 - -248. What is the tens digit of z?
5
Let h(y) = 35*y**2 - 45*y - 45. What is the hundreds digit of h(-6)?
4
Let t(v) = 2*v**2 - 11*v - 2. Let c be t(10). Suppose 4*i + 2*s = c, -4*i - i + 2*s = -119. Let m = i + 46. What is the tens digit of m?
6
What is the units digit of (-2)/(-10) - (-5 + 28652/(-65))?
6
Let z(s) = s**2 + 10*s + 18. Let l be z(-8). Suppose 7 = m + h + l, -2*m = h - 12. Suppose 0 = 2*i - m - 89. What is the units digit of i?
8
Suppose 21*f = 25*f - 1996. What is the tens digit of f?
9
Suppose 567 = -0*q + 3*q + j, 11*q - 2*j - 2079 = 0. What is the units digit of q?
9
Let h(v) = -v + 1. Let l(k) = 7*k - 13. Let o(r) = 6*h(r) + l(r). Let q be o(8). What is the tens digit of (0 + 116)*q/4?
2
Let g(w) = w**2 - 3*w - 2. Let l be g(3). Let d be l*(3/(-6) + -2). Suppose -4*m = -d*m + 22. What is the tens digit of m?
2
Let p(g) = 13*g**2 - 35*g + 77. What is the hundreds digit of p(8)?
6
Let d = -3 - -6. Let z(k) = -k**3 - 3*k**2 - 3*k. Let j be z(d). Let p = j - -88. What is the units digit of p?
5
Let s(g) = 29*g - 74. What is the hundreds digit of s(17)?
4
Let u be 2 + 0 + (-3)/(-3). Suppose j + m = -u*j + 33, 43 = 5*j + 3*m. Let g(s) = s**2 - 3*s - 2. What is the units digit of g(j)?
8
Let f be -1*(-1)/(2/76). Let c = f - 16. What is the units digit of c?
2
What is the units digit of (-4 + (4 - (-1589)/(-2)))*-4?
8
Let x be 4/1 + (-14)/(-2). Suppose -8*n + x*n - 90 = 0. What is the tens digit of n?
3
Suppose 0 = 6*y + 90 - 1056. Let k = y + -70. What is the tens digit of k?
9
Let h(d) = -d**3 + 7*d**2 - 8*d + 4. Let k(t) = t**2 - 9*t + 5. Let w be k(9). Let j be h(w). What is the units digit of (-426)/(-21) - 4/j?
0
Let l(w) be the first derivative of -2*w**3/3 + 6*w + 9. Let i be l(-4). Let b = 15 - i. What is the units digit of b?
1
Let m be 0 + -52 - (1 + -1). Let i = m - -199. What is the units digit of i?
7
Suppose -1 = -5*z + 74. Suppose -5*m - 4*b = -z, -b - b + 3 = m. Suppose m*w - 24 = w. What is the units digit of w?
2
Let x(v) = -8*v + 3. Suppose -p = 3*r - 14, -2*p + 7*p + 30 = 5*r. Let i be x(r). Let n = i + 69. What is the tens digit of n?
3
Suppose -547 = -2*f + 133. What is the units digit of f?
0
Suppose 2*r - 24 + 8 = 0. Suppose 4 = 4*i - 0. Let z = i + r. What is the units digit of z?
9
Let g = -655 + 1135. What is the units digit of g?
0
Suppose 0*w + 6*w - 66 = 0. Suppose -w*n + 33 = -0. What is the units digit of n?
3
Let n(l) = -l**2 - 10*l + 6. Let p be n(-9). Suppose -11 = 16*f - p*f. Let k = f - -54. What is the tens digit of k?
4
Suppose 3*d - 3*z = 18, -2*d - 3*z + 14 = 3*d. Suppose -4*q - i - 1 = 0, 4*i + 7 + 9 = -d*q. Suppose 4*j - 23 - q = 0. What is the units digit of j?
6
What is the thousands digit of (2 - 5057/(-3)) + (-62)/93?
1
Suppose 30 = 5*a - 3*v - v, -4*a + 2*v = -24. Suppose -a*d + 134 = -4*d. What is the units digit of d?
7
Let f(q) = -q**3 - 5*q**2 - 6*q - 7. Let h be f(-3). Let k(z) = -z**3 - 7*z**2 - 2*z + 4. What is the units digit of k(h)?
8
Suppose 1197 - 79 = 26*a. What is the tens digit of a?
4
Suppose -23*j = -18*j + 15. What is the units digit of 0 - (651 - -3)/j - 0?
8
Let j(o) = -o**3 + 0 + 7*o - 1 - 4*o**2 - 2 + o. Let d be j(-6). Suppose -3 - d = -c. What is the tens digit of c?
2
Suppose -11*s + 14*s - 2*r = 2254, 0 = -5*s + 4*r + 3760. What is the tens digit of s?
4
Suppose -5*c + 3*c = 4*b - 634, 3*c = -5*b + 794. What is the tens digit of b?
5
Suppose 3*w - 4*x - 23 = 0, 4*x + 0*x = -2*w - 18. What is the units digit of ((-5)/(-5))/(22/21 - w)?
1
Suppose -2*p - 3*p = -35. Let v = -7 + p. Suppose 3*n - 3*h - 15 = v, 5*n - 2*h = 2 + 11. What is the units digit of n?
1
Suppose 5*p + 30 = 105. Suppose -12*q - p = -15*q. Suppose -q*a = 30 - 200. What is the tens digit of a?
3
Suppose d + 2*y - 82 = 0, d = -y + 4*y + 72. What is the units digit of d?
8
Let s(t) = -32*t**3 + 4*t**2 + 3*t + 1. What is the units digit of s(-3)?
2
Let y(t) = -19*t - 13. Let r be y(-8). Let f be r/4 - (-12)/48. Let p = f - 15. What is the units digit of p?
0
Let m(y) = 11*y**2 - 14*y - 25. What is the thousands digit of m(-10)?
1
Suppose -3*q = -2*q + 4. Let z = q + -3. Let y(i) = 2*i**2 + 7*i - 7. What is the tens digit of y(z)?
4
Suppose 0*p + 2*u - 531 = -3*p, 907 = 5*p - 4*u. Suppose -r - 3*n = 3*r - 185, -4*r + p = n. Let j = 66 - r. What is the units digit of j?
2
Let o(n) = -2*n - 5. Let b be o(-10). What is the tens digit of (b/(-2))/((-1)/2)?
1
Suppose 0 = -2*w + 19 + 13. Suppose -3*x + 27 = 5*t, -6*t - x = -2*t - w. Suppose 3*v + 21 = d, -t*d + 4*v = -0*d - 43. What is the units digit of d?
9
Suppose 4*q = 2*q - 298. Let s = 273 + q. What is the tens digit of s?
2
Let s(f) = -f**3 - 7*f**2 - 9*f - 10. Let p be s(-4). Let k = p + 127. What is the tens digit of k?
0
Let x(y) = -y**3 - 4*y**2 + 5*y - 6. Let v be x(-5). Let h = 124 - v. What is the hundreds digit of h?
1
Let w(y) = y**2 - 6*y + 2. Let h be w(6). Let a(n) = 6*n**h - 2*n - 2 + 1 - 2 + 6 - n**3. What is the units digit of a(4)?
7
Let i(d) be the first derivative of -11*d**2/2 + 6*d - 11. What is the units digit of i(-4)?
0
Let v(h) = 55*h - 17. What is the units digit of v(4)?
3
Let i = -80 + 82. Suppose 0 = -4*r + 4*p + 616, r + 5*p - i*p = 174. What is the hundreds digit of r?
1
What is the hundreds digit of (0 - -6) + ((-36)/(-9) - -688)?
6
Let q be (-20)/1 + 7 + -10. Let g = q + 40. Suppose -g*a + 13*a = -56. What is the units digit of a?
4
Suppose 4*y - 4*t = -8*t - 12, -4*t = 2*y - 4. Let p be (66/y)/((-21)/(-56)). Let j = 39 + p. What is the tens digit of j?
1
Let k(t) = 119*t**2 + 3*t + 3. Let v(w) = -119*w**2 - 3*w - 2. Let m(c) = -5*k(c) - 6*v(c). What is the units digit of m(1)?
9
Suppose -6*v + 45 - 159 = 0. Let h = 66 + v. What is the tens digit of h?
4
What is the tens digit of (-202 - 1)/(2/(-1 + -1))?
0
Suppose 3*w - 1061 = a + 870, w - 637 = -a. What is the units digit of w?
2
Let f = 13 - 23. Let u = 6 + f. What is the tens digit of u/(-2) - 4*-5?
2
Let j(p) = 15*p + 7. Let s be 108/(-16) + (-1)/4. Let u be j(s). Let a = -65 - u. What is the tens digit of a?
3
What is the hundreds digit of 7476/36 - (-6)/(-9)?
2
Let c(u) = -864*u + 18. What is the hundreds digit of c(-1)?
8
Let m = 12 + -9. Suppose 0 = -5*d - m*a + 137, d + 2*a = -a + 37. Let j = d + -14. What is the units digit of j?
1
Let d(s) = 18*s - 32. Suppose -65 = -5*w + 5*i, 2*w - 3*w + 4*i = -1. What is the units digit of d(w)?
4
Suppose -3*d + 5 + 201 = -5*o, d = -2*o + 54. Suppose -3*b = b + 20, 4*w + 2*b - d = 0. What is the units digit of w?
8
Let z(v) = 9*v**2 - 7*v + 13. What is the units digit of z(4)?
9
Suppose -4*s - 23*q + 13404 = -26*q, -q - 13404 = -4*s. What is the units digit of s?
1
Let m = 89 + -84. Suppose 55 + 270 = m*h. What is the tens digit of h?
6
Let a be (2/6)/((-8)/(-288)). What is the units digit of a/(-42) + 1040/14?
4
Let q(p) = p**2 - 7*p - 8. Let c be q(6). Let w be (c/6)/(1/3). Let m = w + 23. What is the units digit of m?
6
Suppose 145*c + 7644 = 151*c. What is the tens digit of c?
7
Suppose -5*q - 2*b + 949 = 0, -2*q + 64 = -5*b - 333. What is the tens digit of q?
9
Let x = 11489 - 8174. What is the tens digit of x?
1
Let i = 1110 + -626. What is the tens digit of i?
8
Suppose 531 = 10*b + 31. What is the tens digit of -12*1/(-3) + (b - -2)?
5
Let a = 6 - 3. Suppose -a*n = -n. Suppose n = 4*i + i - 180. What is the tens digit of i?
3
Let a be -80 - (0 - (1 + 0)). Let c = a - -213. What is the units digit of c?
4
Let v = 227 - 124. Suppose z - 2*z + v = 0. What is the hundreds digit of z?
1
Let a(n) = n**2 + n + 1. Suppose 6*w + 8 = 20. What is the units digit of a(w)?
7
Let b(q) = 3*q**3 - 4*q**2 - 4*q - 13. Let a be b(7). Suppose -3*m - 222 = -a. What is the tens digit of m?
9
Let f(y) = y**2 + 7*y + 8. Let c be f(-6). Suppose 483 = 4*b + x, -c*b + 6*x + 239 = 9*x. What is the tens digit of b?
2
Let j(m) = 12*m + 43. What is the hundreds digit of j(9)?
1
Let f = -702 - -3112. What is the thousands digit of f?
2
What is the units digit of -2*(0 - (522 + 3 + -1